?
5, 277703
What are the prime factors of 1838365?
5, 367673
List the prime factors of 452015.
5, 90403
What are the prime factors of 1319190?
2, 3, 5, 43973
What are the prime factors of 1095742?
2, 547871
List the prime factors of 807476.
2, 29, 6961
What are the prime factors of 24507798?
2, 3, 7, 583519
What are the prime factors of 24488863?
7, 3498409
What are the prime factors of 1805086?
2, 23, 39241
List the prime factors of 1338558.
2, 3, 13, 131
What are the prime factors of 2855434?
2, 19, 163, 461
What are the prime factors of 24411985?
5, 13, 375569
What are the prime factors of 246477?
3, 7, 11, 97
What are the prime factors of 5307730?
2, 5, 530773
List the prime factors of 14783080.
2, 5, 13, 28429
List the prime factors of 550438.
2, 7, 39317
What are the prime factors of 14170873?
14170873
What are the prime factors of 150358?
2, 13, 5783
List the prime factors of 837845.
5, 17, 9857
List the prime factors of 4796931.
3, 1087, 1471
What are the prime factors of 911528?
2, 29, 3929
List the prime factors of 5561164.
2, 7, 198613
List the prime factors of 36202445.
5, 53, 67, 2039
What are the prime factors of 1961285?
5, 223, 1759
What are the prime factors of 886326?
2, 3, 7, 47, 449
List the prime factors of 480431.
7, 68633
List the prime factors of 1048433.
1048433
List the prime factors of 3469896.
2, 3, 48193
What are the prime factors of 916276?
2, 397, 577
What are the prime factors of 2693470?
2, 5, 13, 20719
What are the prime factors of 390450?
2, 3, 5, 19, 137
List the prime factors of 1025455.
5, 23, 37, 241
What are the prime factors of 22757884?
2, 1667, 3413
What are the prime factors of 640603?
751, 853
List the prime factors of 1119412.
2, 7, 39979
What are the prime factors of 2452804?
2, 37, 16573
List the prime factors of 24730045.
5, 4946009
What are the prime factors of 222732?
2, 3, 23, 269
What are the prime factors of 526578?
2, 3, 13, 43, 157
What are the prime factors of 881887?
43, 20509
List the prime factors of 325880.
2, 5, 8147
What are the prime factors of 2997449?
7, 13, 32939
What are the prime factors of 750355?
5, 31, 47, 103
List the prime factors of 461269.
461269
What are the prime factors of 9444?
2, 3, 787
What are the prime factors of 8186390?
2, 5, 23, 35593
List the prime factors of 15435657.
3, 19, 30089
List the prime factors of 52484.
2, 13121
What are the prime factors of 1333689?
3, 7, 41, 1549
What are the prime factors of 1105939?
461, 2399
List the prime factors of 192627.
3, 17, 1259
What are the prime factors of 343017?
3, 38113
List the prime factors of 2939611.
83, 107, 331
What are the prime factors of 1039645?
5, 337, 617
List the prime factors of 329392.
2, 7, 17, 173
What are the prime factors of 341326?
2, 17, 10039
List the prime factors of 764747.
157, 4871
What are the prime factors of 934698?
2, 3, 155783
What are the prime factors of 6240593?
157, 39749
What are the prime factors of 2091513?
3, 149, 4679
List the prime factors of 5396750.
2, 5, 21587
What are the prime factors of 3706138?
2, 47, 89, 443
List the prime factors of 12167768.
2, 1520971
What are the prime factors of 9427?
11, 857
List the prime factors of 29684400.
2, 3, 5, 29, 853
List the prime factors of 32546.
2, 16273
List the prime factors of 971982.
2, 3, 11, 4909
What are the prime factors of 1270488?
2, 3, 52937
What are the prime factors of 4002811?
4002811
What are the prime factors of 21425185?
5, 17, 31, 47, 173
List the prime factors of 283807.
283807
What are the prime factors of 95876?
2, 11, 2179
What are the prime factors of 4595740?
2, 5, 61, 3767
List the prime factors of 101124.
2, 3, 53
List the prime factors of 1601813.
1601813
What are the prime factors of 2246357?
2246357
What are the prime factors of 83810?
2, 5, 17, 29
What are the prime factors of 372213?
3, 41357
What are the prime factors of 24302056?
2, 3037757
List the prime factors of 2552827.
127, 20101
What are the prime factors of 648044?
2, 162011
What are the prime factors of 20183270?
2, 5, 673, 2999
List the prime factors of 1068742.
2, 534371
List the prime factors of 888938.
2, 444469
List the prime factors of 459837.
3, 7, 811
What are the prime factors of 141253?
7, 17, 1187
List the prime factors of 10717.
7, 1531
List the prime factors of 2005048.
2, 17, 23, 641
List the prime factors of 879936.
2, 3, 4583
What are the prime factors of 4053161?
7, 579023
List the prime factors of 218370.
2, 3, 5, 29, 251
What are the prime factors of 489589?
89, 5501
What are the prime factors of 2742520?
2, 5, 11, 23, 271
List the prime factors of 1244163.
3, 414721
What are the prime factors of 4018250?
2, 5, 16073
What are the prime factors of 2143637?
19, 257, 439
List the prime factors of 575204.
2, 7, 20543
List the prime factors of 2272986.
2, 3, 197, 641
List the prime factors of 702487.
19, 36973
List the prime factors of 13357818.
2, 3, 17, 14551
What are the prime factors of 426974?
2, 41, 127
What are the prime factors of 1649074?
2, 7, 61, 1931
What are the prime factors of 939067?
23, 40829
List the prime factors of 1184337.
3, 7, 11, 1709
List the prime factors of 478456.
2, 11, 5437
What are the prime factors of 2507273?
41, 61153
List the prime factors of 1146481.
7, 23, 7121
What are the prime factors of 3590317?
131, 27407
List the prime factors of 38653636.
2, 7, 29, 181, 263
List the prime factors of 6355805.
5, 1271161
What are the prime factors of 1030874?
2, 13, 31, 1279
What are the prime factors of 70107?
3, 23369
What are the prime factors of 468853?
7, 11, 6089
What are the prime factors of 433188?
2, 3, 7, 191
What are the prime factors of 2921284?
2, 730321
List the prime factors of 1212473.
1212473
List the prime factors of 515330.
2, 5, 29, 1777
What are the prime factors of 47096?
2, 7, 29
What are the prime factors of 74320?
2, 5, 929
What are the prime factors of 8114?
2, 4057
List the prime factors of 1164095.
5, 232819
List the prime factors of 17280096.
2, 3, 180001
What are the prime factors of 216221?
463, 467
List the prime factors of 174457.
174457
List the prime factors of 4507606.
2, 2253803
List the prime factors of 696318.
2, 3, 7, 59, 281
List the prime factors of 2207074.
2, 29, 38053
What are the prime factors of 8714523?
3, 17, 170873
List the prime factors of 361740.
2, 3, 5, 6029
What are the prime factors of 4340168?
2, 7, 17, 47, 97
List the prime factors of 6625984.
2, 19, 5449
List the prime factors of 6609567.
3, 2203189
What are the prime factors of 560518?
2, 7, 40037
What are the prime factors of 11699933?
7, 151, 11069
What are the prime factors of 10991230?
2, 5, 43, 25561
List the prime factors of 100342.
2, 11, 4561
List the prime factors of 1373419.
1373419
What are the prime factors of 4583320?
2, 5, 7, 16369
What are the prime factors of 131908?
2, 7, 673
What are the prime factors of 3711299?
3711299
List the prime factors of 3277705.
5, 655541
List the prime factors of 272760.
2, 3, 5, 2273
List the prime factors of 854995.
5, 307, 557
List the prime factors of 613259.
491, 1249
List the prime factors of 105777.
3, 7, 23, 73
What are the prime factors of 3891?
3, 1297
What are the prime factors of 4792066?
2, 19, 126107
List the prime factors of 3052969.
3052969
List the prime factors of 1778327.
151, 11777
List the prime factors of 293451.
3, 29, 3373
List the prime factors of 433345.
5, 11, 7879
What are the prime factors of 3066486?
2, 3, 19, 37, 727
List the prime factors of 1357650.
2, 3, 5, 7, 431
List the prime factors of 408012.
2, 3, 11, 281
What are the prime factors of 8471014?
2, 1171, 3617
What are the prime factors of 3376033?
367, 9199
List the prime factors of 560565.
3, 5, 12457
List the prime factors of 3965042.
2, 1982521
List the prime factors of 2013613.
7, 307, 937
List the prime factors of 126572.
2, 31643
What are the prime factors of 846165?
3, 5, 19, 2969
What are the prime factors of 1186955?
5, 7, 11, 3083
List the prime factors of 299020.
2, 5, 14951
List the prime factors of 14408173.
13, 1108321
What are the prime factors of 13299282?
2, 3, 97, 2539
List the prime factors of 1010188.
2, 71, 3557
What are the prime factors of 5160604?
2, 1290151
List the prime factors of 593152.
2, 7, 331
List the prime factors of 1